 f - 4*o - o. Let v = 1 - f. What is the remainder when 6 is divided by v?
2
Suppose 0*o = 2*i + o - 10, i = o + 2. Suppose -i*f = 5*v - 285, -5*f + 3*v + 129 = -181. Calculate the remainder when f is divided by 17.
14
Let q = -79 + 121. What is the remainder when 125 is divided by q?
41
Suppose 3*q + a = 7*q - 73, 2*a = -4*q + 58. Suppose q = 4*d + 1. Suppose 5*g = 3*c + 112, -d*g + g - 3*c = -48. What is the remainder when g is divided by 7?
6
Let j(x) = x**3 - 4*x**2 + 2. Let p be j(4). What is the remainder when (-2 - 1 - -2)*-50 is divided by p/(-5) + (-87)/(-5)?
16
Let w(i) = i**2 + 3. Let u be w(0). Let b be 1/(u/18*2). What is the remainder when 15 is divided by ((-24)/(-20))/(b/20)?
7
Let w = -129 - -311. Suppose -3*c = -3*o + 111, c - 5*c = -5*o + w. Suppose -3*a = -a - o. Calculate the remainder when a is divided by 9.
8
Let o(j) = -16*j - 8. What is the remainder when 46 is divided by o(-2)?
22
Let a(p) = -p + 8. Let g = 5 + 1. Suppose 4*l = -2*i - 12, 2*i - 2*l - 10 - 2 = 0. What is the remainder when a(g) is divided by i?
0
Suppose 8*n - 24 = 48. What is the remainder when 33 is divided by n?
6
Let l(q) = q**3 + 24*q**2 + 25. Calculate the remainder when l(-24) is divided by 14.
11
Suppose 2*y - 5*r - 88 = 0, -2*y + 147 = -2*r + 59. Suppose p - y = 5. Calculate the remainder when p is divided by 17.
15
Let q(t) = 9*t**2 - 1. Let i be (2/4)/(1/46). Let g = i - 8. Calculate the remainder when g is divided by q(-1).
7
Let u = 4 + -62. Suppose -4*d = -2*t + 70, -2*d - 75 = -2*t + d. What is the remainder when t is divided by u/(-5) - (-2)/5?
9
Let a(m) = m. Suppose o = 4*r + 4, -4*o - 4*r + 8 = -2*o. Suppose k + o*u = -3*k, 3*k + u = 6. Calculate the remainder when 4 is divided by a(k).
1
Suppose 8*l + 120 = 11*l. Let t(i) = i + 8. Suppose -26 - 1 = -4*v + n, -3*v = -2*n - 24. What is the remainder when l is divided by t(v)?
12
Let y = 0 + -3. Let c be (6 + -1)*(4 + y). Suppose -c*p + 79 = 14. Calculate the remainder when 24 is divided by p.
11
Let m(j) = -j**3 - 10*j**2 - j + 5. Let a be m(-10). Suppose -5*f + a = -o, -4*f + 2*f + 28 = 4*o. Calculate the remainder when 9 is divided by f.
1
Let m = 129 + -92. What is the remainder when m is divided by 13?
11
Suppose 13 = -2*a + 45. Calculate the remainder when 62 is divided by a.
14
Let y(i) = -i - 9. Let c be y(-13). Suppose -2*w - 5*p = -87, p = -w - c*p + 46. What is the remainder when w is divided by 22?
19
Suppose 4*t = -0*t + 76. Let s(r) = -10*r. Let j = -2 - -1. Calculate the remainder when t is divided by s(j).
9
Suppose 0 = -k + 3*v - 8, 21 = 3*k + 5*v - 11. Suppose -2*j = -k*l + 18 - 48, -2*l = -2*j + 24. Calculate the remainder when j is divided by 4*(-2)/((-8)/5).
4
Let v(u) = u + 11. Suppose -2*g - 33 = -5*g. What is the remainder when g is divided by v(-5)?
5
Let o(d) = 3*d - 3. Suppose n - 20 = -4*i, n + 3*n = 0. What is the remainder when 20 is divided by o(i)?
8
Let s = -8 - -11. Suppose -3*y = -s*m + 6*m - 3, 0 = y + 2*m. Let b = y - -14. Calculate the remainder when b is divided by 9.
7
Let b(z) = -2*z - 9. Let i be b(-7). Suppose 4*s = -i*a + 257, -3*a + 102 = 4*s - 49. What is the remainder when a is divided by 18?
17
What is the remainder when 34 is divided by (-3 + 2)*2*-9?
16
Let y(k) = 15*k**2 - 6*k. Calculate the remainder when 43 is divided by y(1).
7
Suppose 3*i - 7 + 1 = 0. Let k(p) = -p**2 + 5*p + 2. Let w be k(4). Let q = i + w. Calculate the remainder when 15 is divided by q.
7
Let f be 3/2*(-14)/3. Let z = 25 + f. Let n = z + -4. Calculate the remainder when n is divided by 5.
4
Let h = -63 - -122. What is the remainder when h is divided by (16 - -1) + (8 + -6)/(-1)?
14
Let x = 9 - -8. Suppose -h + 5*j - 8 = -2*h, 3*j = 4*h - 9. Suppose -23 = -h*w + 2*m, -2*m + 6 = m. What is the remainder when x is divided by w?
8
Suppose o = -5*r + 2, -2*o + 2*r - 6*r = -34. Let m(q) = 18*q - 2. What is the remainder when m(6) is divided by o?
25
Let a = 83 - 22. What is the remainder when a is divided by 9?
7
Suppose -42 = n - 4*n. What is the remainder when 25 is divided by n?
11
Suppose k = -4*v + 193, 0*v - k = 5*v - 240. What is the remainder when v is divided by 26?
21
Let f(j) = -10*j - 3. Let k be -1 + 8*1 + -1. Suppose -3*u + u = -5*b + 4, 5*b - k = 3*u. Calculate the remainder when f(u) is divided by 9.
8
Let s(b) = b**3 - 9*b**2 - 22*b + 23. Suppose i + 2*k - 2 = -0*i, -k + 31 = 3*i. What is the remainder when s(11) is divided by i?
11
Suppose -2*b + 70 = 12*b. Calculate the remainder when 12 is divided by b.
2
Let a(k) = k + 6. Let l be a(-3). Let t(u) = 3*u**2 - 2*u + 3. Suppose -2*p + 31 = -y, -3*p - y + 59 = -5*y. Calculate the remainder when t(l) is divided by p.
11
Let r(h) = h**2 + 6*h - 3. Let o be r(-6). Let x = 19 + -6. Calculate the remainder when x is divided by ((-9)/o)/3*5.
3
Suppose 0*y + y = 6. Suppose -y = 4*i + 2. Calculate the remainder when 4 is divided by i + 1 - -5 - 1.
1
Let o = 123 + -53. What is the remainder when o is divided by 21?
7
Let q = -7 - -10. Suppose 0 = -2*w + q*w - 12. Calculate the remainder when w is divided by 7.
5
Let b = 124 + -47. Let y = 12 + b. What is the remainder when y is divided by 23?
20
Suppose -3*a - 5*c + 14 = 0, 4*a = 4*c - 1 - 23. Calculate the remainder when 15 is divided by (90/(-20))/(a/4).
6
What is the remainder when 21 is divided by 2/(-8) - 100/(-16)?
3
Suppose -2*m - 3*n = -3, -n + 1 + 10 = 4*m. Suppose o + 1 = m*b, -5*o - b = 3*b - 14. Let x(p) = 3*p - 1. Calculate the remainder when 13 is divided by x(o).
3
Let k be 3/6 + (-1545)/(-10). Suppose 0 = -r - 3*v + 50 - 2, -5*r + 2*v = -k. Calculate the remainder when r is divided by 17.
16
Let l = 91 + -82. Calculate the remainder when (-92)/(-6) - (-2)/(-6) is divided by l.
6
Suppose 4*v + 5*k - 353 = 0, -v + 3*k + 30 = -54. Let w = v - 40. Suppose 44 = 3*a + 4*z, 0*a - 2*z = a - 14. Calculate the remainder when w is divided by a.
15
Let g = -7 - -9. Suppose g*b - 52 = 6. Calculate the remainder when b is divided by 10.
9
Let y = -5 + 10. Suppose y*u - 317 = -4*j, -3*u = -0*u - 5*j - 205. Let w = 40 - 18. Calculate the remainder when u is divided by w.
21
Suppose o + 56 = 5*z - 273, 4*z + 4*o = 244. Let q = z + -29. Suppose -36 = -4*p + d, -7*p + 3*p + 5*d + q = 0. Calculate the remainder when 26 is divided by p.
8
Let g be 2 + -2 + (1 - -1). Suppose 0 = -s + 4 - g. Calculate the remainder when 3 is divided by s.
1
Suppose d = -2*d - 3*k + 18, -4*d + 5*k = -33. Suppose u = -3*u + 100. Calculate the remainder when u is divided by (-4)/(-14) - (-89)/d.
12
Let u = -45 - -51. Calculate the remainder when 1/(-4) + (-138)/(-8) is divided by u.
5
Let o(z) = -7*z - 36. Calculate the remainder when o(-15) is divided by 18.
15
Let n(p) = -9*p + 2. Suppose -3*o - 12 = 0, 0 = -3*u + 5*o + 190 + 259. Suppose -u + 48 = -5*q. What is the remainder when n(-6) is divided by q?
18
Let o(f) = 17*f**3 + 2*f**2 - 1. Let v be o(1). Let n = v - 14. What is the remainder when n is divided by 2?
0
Let a be ((-506)/(-4) - 2)*2. Suppose 0 = 3*b + b + 3*j - 199, 4*j - a = -5*b. What is the remainder when b is divided by 13?
10
Let w = 76 - 45. Calculate the remainder when w is divided by 11.
9
Suppose -20*a + 1900 = -0*a. What is the remainder when a is divided by 26?
17
Let d = 3 + 1. Let k = -13 + 13. Suppose k = -d*n - 4*o - 9 + 45, 4 = -2*o. Calculate the remainder when 32 is divided by n.
10
Let x(s) = s**2 + 2*s - 8. What is the remainder when x(-7) is divided by 15?
12
Suppose 2*r + 25 - 81 = 0. What is the remainder when 81 is divided by r?
25
Let u(p) = 5*p - 4. Let r be u(5). Suppose 3*w + 5*a = 6*a + r, -a = 0. Calculate the remainder when 32 is divided by w.
4
Suppose 0 = 4*o + 15 + 5, 0 = -3*a - 5*o - 1. Calculate the remainder when 22 is divided by a.
6
Let z(r) = 19*r**2 - 2. Suppose 0 = -0*f - 2*f - 4. Calculate the remainder when z(f) is divided by 19.
17
Suppose 3*u + 2 = 5. What is the remainder when u is divided by 4/6 - (-3)/9?
0
Suppose -9*z = -2*z - 819. Calculate the remainder when z is divided by 40.
37
Let t = -8 - -48. Suppose -b + 3*b = -4*v - 8, -5*b = -2*v - t. Suppose b + 1 = m. Calculate the remainder when 19 is divided by m.
5
Suppose -l - l = -40. Let i = -13 + 19. What is the remainder when l is divided by i?
2
Let r(k) be the thi